11*g + 6. Determine b(-5).
-114
Let n(z) = -z**2 + 288. Give n(18).
-36
Let u(f) = -3*f. What is u(10)?
-30
Let s(v) = -7*v + 6. Determine s(1).
-1
Let z(t) = 15*t + 2. Determine z(1).
17
Let y(u) = u**3 - 4*u**2 + 5*u - 3. Calculate y(5).
47
Let g(p) = p**3 - 5*p**2 - 6*p + 3. Calculate g(6).
3
Let w(o) = -14*o + 12. What is w(1)?
-2
Let y(v) = v**2 + 4*v - 6. Determine y(-5).
-1
Let b(y) = -2*y**2 - 23*y - 66. Give b(-5).
-1
Let a(p) = 10*p + 21. Determine a(-6).
-39
Let p(s) = -20*s + 468. What is p(23)?
8
Let w(n) = -n**3 - 5*n**2 + 36*n - 1. Determine w(4).
-1
Let g(l) = 5*l + 38. Determine g(-8).
-2
Let k(d) = -d**3 + 7*d**2 + 2*d - 17. What is k(7)?
-3
Let f(a) = a**2 - 1. Determine f(2).
3
Let q(v) = 12*v**2 - 2*v - 1. Give q(-1).
13
Let n(u) = u**3 - 4*u**2 + 5*u - 7. Give n(5).
43
Let m(l) = 22*l + 4. What is m(-3)?
-62
Let j(m) = -m**3 - 13*m**2 - 12*m - 6. What is j(-12)?
-6
Let r(t) = t**3 + 13*t**2 + 14*t + 14. What is r(-12)?
-10
Let q(p) = -3*p + 21. Give q(5).
6
Let h(t) = t**3 - 6*t**2 - 10*t + 13. What is h(7)?
-8
Let x(f) = f**2 - 5*f + 6. Give x(7).
20
Let p(s) = -17*s - 44. Give p(0).
-44
Let j(d) = 4*d**2 + 8*d - 40. What is j(3)?
20
Let j(s) = s**2 + 3*s - 7. Give j(5).
33
Let n(l) = l**2 + 29*l - 1. Calculate n(-30).
29
Let b(x) = x**2 + 11*x + 8. Calculate b(-13).
34
Let t(q) = q. What is t(-10)?
-10
Let m(y) = -y**2 - 7*y + 6. Give m(-7).
6
Let w(j) = j**2 + 31*j + 118. Give w(-27).
10
Let d(u) = -5*u**2 + 147*u - 53. Determine d(29).
5
Let y(h) = -2*h + 11. What is y(12)?
-13
Let k(p) = -p - 14. Calculate k(6).
-20
Let s(p) = p**2 + 2. Calculate s(3).
11
Let x(g) = -g**3 - 6*g**2 + 7*g - 2. Calculate x(-7).
-2
Let o(i) = -6*i - 8. Give o(-2).
4
Let z(p) = 6*p - 2. Determine z(0).
-2
Let d(u) = -u**3 + 14*u**2 - 28*u + 45. Give d(12).
-3
Let k(i) = 74*i**2 - 3*i - 2. Give k(-1).
75
Let b(s) = -s**2 - 2*s + 13. Determine b(-9).
-50
Let l(t) = -11*t + 4. What is l(6)?
-62
Let q(f) = -f**3 - 9*f**2 - 22*f - 101. Give q(-8).
11
Let o(t) = -t**3 + 11*t**2 - 10*t + 9. Determine o(10).
9
Let c(u) = 5*u**3 - 2*u**2 + 3. Determine c(-2).
-45
Let z(t) = t**2 - 10*t + 17. Give z(14).
73
Let x(a) = a**3 - 10*a**2 - 14*a + 24. Determine x(11).
-9
Let t(l) = -2*l**2 - l - 1. Give t(1).
-4
Let r(l) = l**3 - 13*l**2 + 26*l + 34. Give r(10).
-6
Let v(b) = 18*b**3 + b**2 - b - 1. Determine v(-1).
-17
Let v(c) = c**3 - 9*c**2 + 10*c + 9. Give v(8).
25
Let o(d) = -3*d**3 - 2*d**2 + 2*d - 3. What is o(2)?
-31
Let u(l) = -4*l**3 - 2*l**2 + 4*l - 6. Determine u(2).
-38
Let m(y) = -y - 32. Determine m(-19).
-13
Let w(a) = 5*a**2 + 3*a + 5. Give w(-3).
41
Let h(n) = -2*n**2 + 5*n - 8. Determine h(-6).
-110
Let f(w) = -w**2 + 7*w - 2. What is f(6)?
4
Let l(v) = -v**3 - v**2 - v + 8. Determine l(0).
8
Let v(k) = -k**2 - 6*k + 6. What is v(-6)?
6
Let i(b) = 5*b - 6. Give i(2).
4
Let d(j) = j**3 + 2*j + 35. What is d(0)?
35
Let t(f) = -2*f - 40. What is t(-18)?
-4
Let b(j) = 2*j - 26. What is b(13)?
0
Let m(x) = -x - 1. Give m(0).
-1
Let i(f) = f**3 + 8*f**2 + 11*f + 13. What is i(-7)?
-15
Let i(g) = 3*g**2 - 7*g + 12. Calculate i(4).
32
Let t(r) = -2*r**3 + 85*r**2 + 42*r + 44. Calculate t(43).
1
Let v(q) = q**3 - 31*q**2 + 29*q + 33. Determine v(30).
3
Let w(u) = -4*u**3 + 151*u**2 + 36*u + 80. Determine w(38).
4
Let w(u) = -12*u + 93. Give w(8).
-3
Let a(k) = -11*k**2 + k + 1. Calculate a(-3).
-101
Let n(f) = -78*f + 631. What is n(8)?
7
Let l(d) = d**3 + 18. Determine l(0).
18
Let z(h) = -3*h**2 - 127*h - 43. Determine z(-42).
-1
Let o(w) = -5*w**2 - 10*w + 3. Give o(-3).
-12
Let o(h) = h - 16. Give o(21).
5
Let o(h) = 2*h**2 - 10*h + 18. Determine o(4).
10
Let r(w) = -w**2 - 8*w - 16. Determine r(-3).
-1
Let r(f) = f**3 - 20*f**2 + 3*f - 65. Determine r(20).
-5
Let w(c) = 2*c - 7. Determine w(8).
9
Let v(l) = l**3 + 7*l**2 + l - 8. Determine v(-7).
-15
Let f(n) = 11*n + 700. Calculate f(-63).
7
Let n(s) = 2*s**3 - 3*s**2 + 8*s - 14. What is n(2)?
6
Let i(h) = h**3 + 7*h**2 + h + 6. Calculate i(-3).
39
Let c(u) = u**3 + u**2 - 2*u - 1. What is c(0)?
-1
Let v(x) = -3*x**2 - 14*x - 30. Calculate v(-3).
-15
Let c(u) = -20*u - 81. What is c(-4)?
-1
Let h(r) = 4*r - 14. Determine h(-2).
-22
Let p(r) = 6*r + 22. What is p(5)?
52
Let k(f) = f**2 - 13*f - 5. What is k(11)?
-27
Let v(k) = -2*k**3 - 7*k**2 - 5*k - 4. Calculate v(-4).
32
Let i(j) = 2*j**2 - 17*j. Calculate i(9).
9
Let n(a) = 13*a + 29. Determine n(-12).
-127
Let y(m) = m + 14. Give y(6).
20
Let u(c) = -2*c**3 - c**2 + c - 6. Give u(0).
-6
Let m(x) = -46*x - 363. What is m(-8)?
5
Let u(s) = 8*s + 47. Calculate u(-5).
7
Let j(w) = 3*w**3 - w**2 - 7*w + 8. What is j(2)?
14
Let k(l) = l**2 + 7*l - 1. Give k(-6).
-7
Let b(s) = 7*s - 5. Determine b(3).
16
Let o(q) = 3*q**3 - q - 10. Determine o(0).
-10
Let h(q) = -q**2 + 13*q - 41. Give h(7).
1
Let p(y) = -y**2 + 9*y + 10. What is p(10)?
0
Let m(p) = 3*p**2 - 17*p - 86. Determine m(9).
4
Let h(f) = 9*f + 127. What is h(-13)?
10
Let o(j) = -j**2 - 10*j - 13. What is o(-11)?
-24
Let w(v) = 7*v**2 - 45*v - 30. Give w(7).
-2
Let k(y) = -23*y + 66. Determine k(3).
-3
Let a(u) = -2*u + 5. Give a(9).
-13
Let a(y) = -99*y - 501. Give a(-5).
-6
Let o(c) = 10*c - 4. Calculate o(3).
26
Let b(s) = 3*s - 24. Determine b(7).
-3
Let q(r) = -2*r**2 - 6*r + 2. Determine q(5).
-78
Let x(w) = -w**3 - 14*w**2 - 2*w - 24. Determine x(-14).
4
Let t(p) = -138*p**3 - 3*p**2 + 3*p - 1. What is t(1)?
-139
Let j(d) = -28*d - 93. Calculate j(-4).
19
Let y(n) = n**3 + 20*n**2 - 23*n - 12. What is y(-21)?
30
Let v(g) = 3*g**3 - 4*g**2 + 2*g. What is v(2)?
12
Let a(x) = x**3 - 16*x**2 + 14*x + 25. Calculate a(15).
10
Let t(x) = -30*x - 13. What is t(4)?
-133
Let z(f) = -f**3 - 13*f**2 + 17*f + 9. Give z(-14).
-33
Let p(s) = s - 12. Determine p(9).
-3
Let q(x) = -3*x + 7. What is q(-3)?
16
Let j(b) = -10*b - 897. Calculate j(-89).
-7
Let z(u) = -u**3 - 2*u**2 + 7*u + 1. Calculate z(-4).
5
Let s(o) = -o**3 - 9*o**2 - 9*o + 4. Calculate s(-7).
-31
Let x(t) = 33*t**2. Give x(-1).
33
Let x(p) = -8*p + 98. Determine x(-8).
162
Let t(h) = h**2 + 5*h - 24. What is t(4)?
12
Let u(l) = l**3 - 10*l**2 + 7*l. What is u(7)?
-98
Let b(v) = -v**3 - 23*v**2 + 2*v + 21. Calculate b(-23).
-25
Let j(r) = r**2 - 26*r - 2. Determine j(25).
-27
Let c(v) = -v + 24. What is c(18)?
6
Let v(w) = -39*w - 2. Determine v(-1).
37
Let r(z) = -2*z - 17. What is r(-10)?
3
Let j(w) = -12*w - 1. Determine j(1).
-13
Let w(a) = -106*a + 37. Give w(1).
-69
Let r(x) = 17*x**2 + 2*x. Determine r(2).
72
Let g(z) = 5*z + 17. What is g(-4)?
-3
Let v(g) = 3*g - 20. What is v(-16)?
-68
Let o(s) = s**2 - 29*s - 27. Give o(29).
-27
Let g(j) = 3*j**3 + 2*j**2 + j - 2. Calculate g(-2).
-20
Let d(s) = -s**2 + 11*s + 58. Calculate d(13).
32
Let h(q) = q**3 - 4*q**2 - 9*q + 13. Give h(5).
-7
Let j(b) = 5*b - 9. Give j(6).
21
Let j(m) = m**3 - 6*m**2 - 7*m + 23. Calculate j(7).
23
Let s(q) = q**3 - 9*q + 3. What is s(3)?
3
Let b(l) = -l**3 + 3*l**2 - 3*l. What is b(2)?
-2
Let j(w) = -w**3 + 7*w**2 - 9*w. Determine j(5).
5
Let z(f) = -f**3 + 6*f**2 - 15*f + 10. Give z(4).
-18
Let d(l) = -l**2 - 7*l + 7. Determine d(-5).
17
Let x(t) = 13*t - 148. What is x(14)?
34
Let u(b) = -16*b**2 + 2*b - 8. Give u(0).
-8
Let o(n) = 2*n**2 + 14*n - 7. What is o(-7)?
-7
Let v(k) = k**2 - k - 5. Determine v(4).
7
Let d(p) = -10*p - 9. Determine d(1).
-19
Let g(u) = u - 27. Determine g(20).
-7
Let i(f) = 2*f - 1. What is i(2)?
3
Let h(g) = -8*g - 131. Give h(-17).
5
Let i(a) = 3*a + 4. Give i(2).
10
Let s(y) = 4*y**3 + 4*y**2 - 9*y - 4. What is s(-4)?
-160
Let p(a) = 10*a - 19. Calculate p(13).
111
Let f(o) = o**2 - 12*o + 23. What is f(7)?
-12
Let i(m) = 9*m**2 + m + 1. Calculate i(-1).
9
Let h(c) = c**3 + c - 4. Calculate h(3).
26
Let l(s) = -31*s**2 + s + 1. Calculate l(-1).
-31
Let u(z) = 18*z + 102. Calculate u(-5).
12
Let i(c) = c**3 + 2*c**2 - 8*c - 19. Give i(-4).
-19
Let n(o) = -120*o**3 + 2*o**2 - 4*o + 2. Give n(1).
-120
Let c(h) = h**2 + h - 16. Give c(-4).
-4
Let n(j) = -j**2 + 3. Calculate n(-3).
-6
Let r(u) = -u + 19. Give r(10).
9
Let q(c) = -c + 47. Determine q(20).
27
Let u(n) = -50*n - 199. Determine u(-4).
1
Let p(x) = x**3 - x**2 - 2. Determine p(2).
2
Let l(h) = -7*h + 1. Determine l(1).
-6
Let g(q) = -16*q + 9. Det